n base 9?
-1
Convert -12 (base 3) to base 13.
-5
Convert -1 (base 16) to base 3.
-1
-54 (base 10) to base 5
-204
Convert -97 (base 13) to base 8.
-174
-23 (base 12) to base 15
-1c
-233 (base 5) to base 7
-125
Convert -19 (base 15) to base 3.
-220
What is 0 (base 11) in base 8?
0
-222 (base 6) to base 16
-56
-222 (base 7) to base 4
-1302
What is 205 (base 6) in base 7?
140
17 (base 13) to base 10
20
What is -5 (base 7) in base 2?
-101
-6 (base 11) to base 8
-6
Convert 1222 (base 3) to base 11.
49
What is 9 (base 12) in base 6?
13
What is -10 (base 4) in base 7?
-4
Convert -7 (base 13) to base 14.
-7
What is 11 (base 5) in base 9?
6
-2 (base 9) to base 11
-2
41 (base 14) to base 11
52
-3 (base 5) to base 7
-3
-2 (base 7) to base 11
-2
What is 18 (base 12) in base 13?
17
Convert 14 (base 6) to base 3.
101
What is 0 (base 4) in base 11?
0
What is 2 (base 14) in base 10?
2
What is 213 (base 4) in base 11?
36
What is -60 (base 7) in base 11?
-39
Convert -1 (base 2) to base 3.
-1
1130 (base 5) to base 2
10100101
What is -2 (base 11) in base 9?
-2
What is 1 (base 16) in base 4?
1
45 (base 10) to base 14
33
-3 (base 6) to base 16
-3
What is -241 (base 5) in base 13?
-56
6 (base 16) to base 9
6
-9 (base 14) to base 9
-10
-11011 (base 3) to base 11
-a2
Convert 14 (base 8) to base 14.
c
Convert 46 (base 9) to base 15.
2c
What is 8 (base 13) in base 14?
8
-1 (base 7) to base 11
-1
What is 170 (base 9) in base 13?
b1
What is 147 (base 13) in base 8?
344
Convert 0 (base 9) to base 2.
0
Convert -5 (base 6) to base 2.
-101
Convert -126 (base 7) to base 9.
-76
Convert 34 (base 6) to base 14.
18
200 (base 3) to base 4
102
Convert 3 (base 7) to base 9.
3
What is 351 (base 9) in base 7?
562
What is -412 (base 5) in base 9?
-128
22 (base 15) to base 6
52
Convert -1a (base 11) to base 7.
-30
-8 (base 14) to base 10
-8
What is -24 (base 14) in base 8?
-40
-12 (base 13) to base 4
-33
41 (base 12) to base 9
54
What is 0 (base 12) in base 5?
0
Convert 17 (base 10) to base 6.
25
Convert -210 (base 6) to base 10.
-78
Convert 4 (base 14) to base 6.
4
0 (base 16) to base 11
0
32 (base 11) to base 4
203
-3202 (base 4) to base 16
-e2
What is -72 (base 14) in base 3?
-10201
What is 0 (base 8) in base 3?
0
What is 122 (base 14) in base 7?
442
Convert 11 (base 4) to base 12.
5
What is -6 (base 12) in base 4?
-12
-3 (base 10) to base 12
-3
-37 (base 9) to base 3
-1021
-100010 (base 2) to base 11
-31
Convert 15 (base 11) to base 14.
12
What is -d (base 14) in base 8?
-15
What is 202 (base 4) in base 16?
22
310 (base 7) to base 14
b0
-102 (base 4) to base 7
-24
Convert 4 (base 5) to base 8.
4
-15 (base 16) to base 15
-16
Convert 27 (base 15) to base 14.
29
-4 (base 6) to base 14
-4
Convert -16 (base 13) to base 2.
-10011
12 (base 6) to base 7
11
Convert -2 (base 3) to base 7.
-2
-43 (base 14) to base 8
-73
What is -28 (base 12) in base 6?
-52
What is 40 (base 5) in base 3?
202
-9 (base 12) to base 15
-9
Convert 62 (base 16) to base 4.
1202
-2 (base 12) to base 11
-2
What is 2 (base 5) in base 8?
2
Convert -134 (base 15) to base 16.
-112
Convert -100 (base 5) to base 8.
-31
-19 (base 13) to base 10
-22
What is 22 (base 8) in base 13?
15
What is 17b (base 14) in base 6?
1225
1 (base 10) to base 16
1
What is 98 (base 10) in base 12?
82
What is 59 (base 11) in base 5?
224
Convert -100010 (base 2) to base 13.
-28
-14 (base 15) to base 2
-10011
What is 4 (base 13) in base 6?
4
Convert -4 (base 7) to base 3.
-11
Convert -20 (base 10) to base 4.
-110
What is -1 (base 9) in base 6?
-1
What is -4 (base 5) in base 16?
-4
What is 12 (base 3) in base 15?
5
1a (base 14) to base 9
26
What is 103 (base 6) in base 2?
100111
Convert 1303 (base 5) to base 13.
128
What is 1 (base 2) in base 4?
1
23 (base 12) to base 5
102
Convert 1 (base 12) to base 10.
1
0 (base 13) to base 9
0
What is -c (base 15) in base 6?
-20
-2 (base 8) to base 13
-2
-6 (base 15) to base 6
-10
-11213 (base 4) to base 15
-18e
What is 26 (base 8) in base 13?
19
What is 1 (base 5) in base 11?
1
Convert 1100 (base 2) to base 12.
10
What is 1 (base 9) in base 8?
1
Convert 2 (base 13) to base 6.
2
What is -162 (base 8) in base 15?
-79
What is -50 (base 6) in base 10?
-30
-11112 (base 3) to base 9
-145
What is 8 (base 12) in base 8?
10
What is 213 (base 6) in base 11?
74
Convert 358 (base 9) to base 10.
296
Convert 100 (base 4) to base 6.
24
-10 (base 10) to base 2
-1010
What is -3 (base 5) in base 10?
-3
3 (base 14) to base 15
3
1202 (base 5) to base 2
10110001
What is -240 (base 5) in base 4?
-1012
What is -1a (base 14) in base 9?
-26
Convert 10 (base 2) to base 14.
2
Convert 15 (base 9) to base 10.
14
What is 223 (base 5) in base 3?
2100
What is 1 (base 8) in base 6?
1
0 (base 8) to base 14
0
What is 46 (base 11) in base 14?
38
What is -2 (base 16) in base 14?
-2
What is 181 (base 11) in base 4?
3102
18 (base 10) to base 4
102
Convert 2 (base 6) to base 9.
2
2 (base 12) to base 3
2
What is 0 (base 3) in base 10?
0
Convert 8 (base 13) to base 9.
8
Convert 163 (base 9) to base 4.
2022
Convert 2 (base 10) to base 15.
2
Convert -3 (base 6) to base 11.
-3
20 (base 14) to base 4
130
What is 1012 (base 3) in base 7?
44
What is 100111 (base 2) in base 12?
33
Convert 2 (base 8) to base 11.
2
What is -1 (base 3) in base 15?
-1
Convert -43 (base 9) to base 16.
-27
Convert -67 (base 9) to base 13.
-49
What is 3 (base 4) in base 16?
3
Convert -1 (base 16) to base 8.
-1
-8 (base 15) to base 4
-20
-d7 (base 15) to base 5
-1302
What is 5 (base 16) in base 12?
5
-3 (base 15) to base 9
-3
What is -4c (base 14) in base 3?
-2112
Convert -101 (base 4) to base 11.
-16
What is -14 (base 10) in base 15?
-e
Convert 33 (base 12) to base 2.
100111
-a8 (base 15) to base 4
-2132
-1 (base 8) to base 14
-1
What is -74 (base 9) in base 12?
-57
What is e (base 15) in base 12?
12
Convert -2 (base 12) to base 2.
-10
What is 1140 (base 6) in base 11?
231
3 (base 7) to base 5
3
-d (base 14) to base 7
-16
Convert -10 (base 10) to base 3.
-101
Convert -3 (base 4) to base 2.
-11
Convert ab (base 15) to base 14.
b7
-2 (base 14) to base 12
-2
Convert -102 (base 3) to base 11.
-10
What is 21 (base 6) in base 11?
12
-11 (base 11) to base 3
-110
What is -10100 (base 2) in base 15?
-15
Convert -5 (base 10) to base 9.
-5
What is 1 (base 15) in base 5?
1
What is 77 (base 12) in base 10?
91
Convert 3 (base 5) to base 3.
10
40 (base 5) to base 6
32
Convert -7 (base 15) to base 6.
-11
What is -2 (base 9) in base 5?
-2
What is 3 (base 13) in base 10?
3
What is -210 (base 4) in base 9?
-40
a (base 12) to base 10
10
What is 4 (base 5) in base 16?
4
Convert 2100 (base 3) to base 2.
111111
What is -101001001 (base 2) in base 10?
-329
Convert -3 (base 13) to base 12.
-3
-131 (base 8) to base 15
-5e
5 (base 11) to base 14
5
Convert 25 (base 7) to base 3.
201
49 (base 12) to base 8
71
Convert -8 (base 16) to base 9.
-8
93 (base 13) to base 2
1111000
-7 (base 12) to base 3
-21
Convert 3 (base 15) to base 4.
3
What is 2 (base 14) in base 5?
2
What is -1341 (base 5) in base 13?
-140
22 (base 5) to base 11
11
5 (base 9) to base 6
5
31 (base 10) to base 6
51
Convert -28 (base 13) to base 3.
-1021
Convert 20 (base 11) to base 7.
31
-2 (base 7) to base 12
-2
-2a (base 12) to base 10
-34
What is -a6 (base 14) in base 7?
-266
-17 (base 12) to base 3
-201
What is 19 (base 11) in base 16?
14
12 (base 12) to base 14
10
What is -15 (base 8) in base 7?
-16
What is -5 (base 14) in base 3?
-12
-2 (base 9) to base 12
-2
What is 3 (base 6) in base 2?
11
What is -6 (base 12) in base 10?
-6
Convert 16 (base 9) to base 8.
17
6 (base 13) to base 6
10
Convert 5 (base 10) to base 4.
11
What is 0 (base 5) in base 11?
0
Convert -1bb (base 12) to base 10.
-287
Convert 312 (base 5) to base 14.
5c
1113 (base 4) to base 15
5c
Convert -1 (base 8) to base 5.
-1
Convert 15 (base 12) to base 13.
14
What is -1 (base 11) in base 13?
-1
What is 19 (base 14) in base 8?
27
What is 10101 (base 3) in base 13?
70
1010111 (base 2) to base 4
1113
Convert -22 (base 9) to base 7.
-26
-45 (base 13) to base 7
-111
-44 (base 7) to base 12
-28
-111 (base 2) to base 5
-12
What is 11 (base 8) in base 9?
10
What is 0 (base 8) in base 16?
0
-2 (base 8) to base 14
-2
What is 0 (base 2) in base 13?
0
Convert 87 (base 10) to base 16.
57
What